+ 10*i**3/3 - 10. Let b(d) be the third derivative of v(d). Calculate b(-3).
-5
Let y(g) = 188 + 20*g - 6*g - 5*g**2 - 187. Let l(z) = 2*z**2 - 7*z. Let n(p) = 7*l(p) + 3*y(p). Determine n(-7).
3
Let g = 3 - 1. Let r be (-1 - g/(-2)) + 0. Let u(v) be the first derivative of -v**3/3 + 12*v + 951. What is u(r)?
12
Let k(u) = -4 - 15*u - 16*u - 13*u - 3 + 46*u. What is k(7)?
7
Let l(o) = 3*o**2 - 47*o + 34. Let p(x) = x**2 - 15*x + 11. Let y(f) = 2*l(f) - 7*p(f). Calculate y(8).
15
Let r(s) = -3*s - 16. Let a(h) = -7*h**2 - 6*h - 7. Let v be a(-1). Calculate r(v).
8
Let l(s) be the second derivative of -1/12*s**4 - 28*s + 0 - 2*s**2 + 5/6*s**3. What is l(3)?
2
Let x(l) be the first derivative of 5*l**2 + 24*l - 6. Let b(g) = -3*g - 8. Let u be 15/(4 + -1) - 3. Let m(i) = u*x(i) + 7*b(i). What is m(-5)?
-3
Suppose 163*l - 78 = 150*l. Let j(x) = x**3 - 8*x**2 + 15*x - 5. Calculate j(l).
13
Let p(t) = 23*t**2 + 8*t - 8. Let x(o) = -27*o**2 - 7*o + 9. Let i(m) = -7*p(m) - 6*x(m). Calculate i(12).
-22
Let v(w) = 65*w - 4 - 41*w - 2*w**2 - w**3 + 6*w**2 - 15*w. What is v(6)?
-22
Suppose -19*l - 42 = -61. Let u(t) = 7*t - 1. Calculate u(l).
6
Let f(i) = -25*i**3 + 4*i**2 + 24*i + 53. Let h(c) = -13*c**3 + 2*c**2 + 13*c + 29. Let v(m) = -6*f(m) + 11*h(m). Give v(2).
47
Let n(t) = 8*t + 101. Let d(p) = -17*p - 229. Let o(u) = -3*d(u) - 7*n(u). Calculate o(-7).
15
Let q(z) be the first derivative of -z**4/4 + z**2/2 + 7. Let t(u) = -7*u**3 + 5*u**2 + 3*u - 3. Let h(k) = 6*q(k) - t(k). Determine h(4).
-1
Let y(l) = 3*l + 40. Let a(j) = 3*j - 21. Let o(v) = -v + 11. Let z(i) = 2*a(i) + 5*o(i). Let h(b) = 3*y(b) - 8*z(b). What is h(-13)?
3
Let t = -233 - -233. Suppose t = 11*n - 6*n. Let o(f) = -6*f**2 - 6*f + 81. Let c(p) = -p**2 - p + 16. Let a(g) = 11*c(g) - 2*o(g). Give a(n).
14
Let j(x) = 2*x - 1. Let m(a) = a - 1. Let s(h) = 6*j(h) - 13*m(h). Suppose 4*q - 12 = -d + 5*d, 0 = -d + 3*q - 13. Let r be (3/6)/(d/16). Calculate s(r).
3
Let x(q) = q**2 - 9*q + 11. Suppose -7*u + 5*u = -34. Let v = -9 + u. Determine x(v).
3
Let f(a) be the third derivative of 1/8*a**4 + 0*a**3 - 20*a**2 + 0 + 0*a. Give f(1).
3
Let g(d) = -d**2 + 10*d - 16. Let f = 21 - 14. Let o = f - 0. Let m be g(o). Let y(n) = -n**2 + 5*n + 7. Calculate y(m).
7
Let z(f) = -4*f**3 + f**2. Let v = -16 - 8. Let r = v - -33. Suppose -5*m = r - 4. Calculate z(m).
5
Let i(l) be the third derivative of l**5/60 - l**4/24 + 4*l**3/3 + l**2. Let c be 32/(-56) - 32/(-56). What is i(c)?
8
Let x(n) = n**2 - 5*n + 2. Suppose 4*h - 56 = -b - 42, b - 2*h - 2 = 0. Calculate x(b).
8
Let z(w) = -2*w**3 - 4*w**2 - w + 2. Suppose 7*g + 2 = -12. Let n be z(g). Let x(s) = -s**3 + 5*s**2 + 2. What is x(n)?
18
Let h(z) = -4*z**2 - 2*z + 1. Let o be h(1). Let c(y) = y**3 + 5*y**2 + 2. Determine c(o).
2
Let d(n) = n**2 + 12*n - 15. Let u = -244 + 231. What is d(u)?
-2
Let k(f) = 5*f**2 - 29*f + 29. Let x(s) = -9*s**2 + 55*s - 57. Let q(t) = 7*k(t) + 4*x(t). Calculate q(16).
-9
Let g(v) = -v**2 + 7*v + 2. Let b = 34 + -32. Suppose 3*q + 29 = 2*j, 48 = b*j - 5*q + 9. Calculate g(j).
2
Suppose 11*o = 217 + 3. Let t(y) = y**2 - 18*y - 35. Let b be t(o). Let l(x) = -x**3 + 6*x**2 - 6*x + 2. What is l(b)?
-3
Let s(o) = 15*o**2 - 2*o + 3. Let h(w) = -7*w**2 + w - 2. Let u(r) = 5*h(r) + 3*s(r). Suppose 1 = -j - 0*j. Give u(j).
10
Let o(n) = -n - 2. Suppose -k - 2*t = -2*k + 6, -k - 2*t - 10 = 0. Let l(d) = -3*d - 4. Let s(i) = k*l(i) + 5*o(i). Give s(4).
2
Suppose 3*s + 37 = 5*o, s - 5*s = -2*o + 26. Let p(n) be the third derivative of 1/24*n**4 + 1/6*n**3 + n**2 + 0*n + 0. Calculate p(o).
6
Suppose 2*t = 4*f - 102, -3*t + 3*f - 115 = 50. Let i = t + 61. Let h(u) = -4*u**3 + 2*u - 1. Give h(i).
-29
Let v = 68 + -40. Suppose 2*o + 3*o - 5*g = -40, -5*o + g - v = 0. Let s(j) = -j**3 - 4*j**2 + 8*j + 6. Give s(o).
-9
Let k be (-15)/(-42 + 12)*(-4 + 4). Let u(p) be the third derivative of p**5/60 + 3*p**3/2 + p**2. Give u(k).
9
Suppose -q - 3*s + 26 = 0, -2*q - 3*s = -0*q - 55. Let l = -472 - -443. Let y = l + q. Let m(v) = v**2 + v + 5. Calculate m(y).
5
Let w(f) = 11*f**2 - 5*f + 3. Let p(h) = 5*h**2 - 2*h + 1. Let s(r) = 5*p(r) - 2*w(r). What is s(-2)?
11
Let f(o) = o**3 + o**2 - 3*o + 1. Let m(p) = 5*p**3 + 10*p**2 - 16*p + 17. Let k(j) = 6*f(j) - m(j). Determine k(5).
4
Let i(x) be the second derivative of -x**5/60 - x**4/24 + x**3/6 + 5*x**2 + 9*x. Let s(y) be the first derivative of i(y). Calculate s(1).
-1
Let q(w) = -w**2 + 3*w + 2. Let j(o) = -18*o**3. Let i(l) = -l + 2. Let z be i(1). Let c be j(z). Let a = c + 23. Give q(a).
-8
Let t(y) = -y**2 + 1. Let k(g) = -g**3 - 5. Let z be k(0). Let f(r) = r**3 - 7*r**2 + 6*r + 4. Let x be f(6). Let h = z + x. What is t(h)?
0
Let a(f) = 26*f**2 + f + 1. Suppose -85 = -b - 86. Determine a(b).
26
Let s(t) = t**2 + 6*t - 8. Let o be (-2)/4*(-10 - -24). What is s(o)?
-1
Suppose 18*l + 312 = 114. Let w(m) = m + 6. Calculate w(l).
-5
Let a(y) = 12*y**2. Suppose -4*c + 36 = 16. Suppose 5*z + 12 = -2*g, -c*g = -0*z - 4*z - 3. Calculate a(g).
12
Let c(p) be the first derivative of p**7/840 - p**6/360 - 8*p**3/3 - 7. Let q(i) be the third derivative of c(i). What is q(1)?
0
Let u be ((0 - 0)*1)/2. Suppose 2*q + 2*q + 20 = u. Let j(f) be the second derivative of -f**4/12 - 2*f**3/3 + f**2 + 2*f + 583. Determine j(q).
-3
Let a(n) = -2*n + 14. Let f(r) = -3*r + 23. Let k(h) = -8*a(h) + 5*f(h). Suppose t = -4*t. Calculate k(t).
3
Let x(q) be the second derivative of 8*q**3/3 + q**2/2 - q + 7. Calculate x(-1).
-15
Let a(t) = -5*t. Let z(r) = -2*r**2 + 19*r + 2. Let d be z(9). Let w(c) = -c + 20. Let g be w(d). Let s be 3*-3*(-2)/g. Determine a(s).
-10
Suppose n - 19 = -2*w, 5*w = -n + 6*n + 10. Suppose 6*b - 6 = w*b. Let z = b + 10. Let o(j) = 2*j**2 - 5*j - 4. Calculate o(z).
8
Let v(h) = 2*h**2 - 6*h + 4. Let a(s) = 4*s**2 - 2*s - 1. Let w(g) = -5*g**2 + g. Let i(n) = -4*a(n) - 3*w(n). Let y be i(5). Determine v(y).
12
Let n(t) = -2*t - 2*t**2 + 9*t + t**2 + 1. Let u = 5226 - 5219. Calculate n(u).
1
Let z(g) be the second derivative of -g**4/24 + 2*g**3/3 + 4*g**2 + 41*g. Let j(l) be the first derivative of z(l). Calculate j(10).
-6
Let b(u) = u**2 - 17*u + 58. Let y be b(13). Let k(a) = -y*a + 5 - 3 - 1. Suppose 0 = 2*j - 0 + 2. Determine k(j).
7
Let h(f) be the third derivative of f**6/120 - f**5/6 + 11*f**4/12 + f**3/6 + 317*f**2. Calculate h(7).
8
Let n(r) = 2*r**2 - 2*r - 2. Let v be 0 + 0/3 + (-785)/(-5). Let h = -155 + v. Calculate n(h).
2
Let z be (-52)/130 - 128/(-20). Let j(a) be the third derivative of 1/15*a**5 + 1/3*a**3 - 1/12*a**4 - 1/120*a**z + 6*a**2 + 0 + 0*a. Calculate j(4).
-6
Let x(j) = j + 1. Let f(o) = 4*o + 11. Let w(s) = f(s) - 3*x(s). Let z = 18 + -15. Suppose y + z*y = -y. Give w(y).
8
Let f(j) = j + 23. Let z(u) = 8*u + 69. Let q be z(-10). Determine f(q).
12
Let d = 1028 - 1023. Let a(p) be the third derivative of 1/3*p**3 + p**2 - 1/12*p**4 + 0 + 0*p. Calculate a(d).
-8
Let t(z) be the first derivative of -z**5/20 - 7*z**4/12 - z**3/6 - 4*z**2 + 8*z + 12. Let q(r) be the first derivative of t(r). Calculate q(-7).
-1
Let a be 10/((-30)/(-9)) - -3. Let b(z) = 6*z - 2. Give b(a).
34
Let r(l) be the third derivative of 1/120*l**5 - 7/24*l**4 + 0 - 2/3*l**3 + 5*l**2 + 0*l. Let a(s) be the first derivative of r(s). What is a(5)?
-2
Suppose -x + p + 22 = 4*p, 44 = 3*x - 2*p. Let n(y) = 2*y - 30. Calculate n(x).
2
Let w(o) = 18*o + 1. Suppose 4*t = 7*t - u + 1, 5*t - 5 = 5*u. Give w(t).
-17
Let m(b) = b. Let h(o) = 3*o - 5. Let j(n) = h(n) - 2*m(n). What is j(0)?
-5
Let w(u) = -11*u**2 + u. Suppose 0 = 2*z - b - 38, 2*z - 6*z + 3*b = -74. Suppose -z = -3*q - q. Suppose -q*l = -2*l - 6, -4*a - 4*l = -4. Determine w(a).
-12
Let s(f) = 3*f**3 + f**2 + f. Suppose 80*t + 4*j - 5 = 81*t, -4*j = 4*t. Give s(t).
-3
Let m(k) = -35*k - k**2 + 4 + 56*k - 26*k. Let h = -6 + 8. Let y = h - 5. Calculate m(y).
10
Let r(j) = -2*j + 2. Let y(t) = -2*t + 1. Let b(w) = 6*r(w) - 5*y(w). Suppose 3*o = -o - 28. Let n be o/((-1 + 2)*-1). What is b(n)?
-7
Let i(x) = -4*x**2 - x**2 + 6*x**2 - x + 13. Suppose 0 = -3*z + 4*k + 20, 0 = 4*z - 3*k - 9 - 6. Determine i(z).
13
Let z(p) = -2 + 2*p + 6*p + 1 - 4*p. Suppose -2*x - 17 = -5*x - 2*c, 0 = -3*x + 4*c - 7. Calculate z(x).
11
Suppose -15*